is the highest common factor of f and 48?
6
Let c = 168 + 1366. Calculate the greatest common factor of c and 26.
26
Let t be 29 + 43 + -8 + 1. Calculate the greatest common factor of 104 and t.
13
Let w = -4 - -10. Suppose 5*u + 226 = -n - 249, -3*u - 5*n = 285. Let j = u + 137. Calculate the highest common divisor of w and j.
6
Suppose 0 = -47*u + 48*u - 6. Let r(g) = 3*g**2 - 13*g - 5. Let a be r(u). Calculate the greatest common factor of a and 275.
25
Let w be -35 + 42 + 41/1. Calculate the highest common divisor of w and 1584.
48
Let y(j) = 15*j**2 - 24*j. Let h be y(2). What is the highest common factor of h and 57?
3
Let l be 46*-67*(-3)/6. Suppose 9*u + 452 = l. Calculate the highest common factor of u and 11.
11
Suppose -10*t + 385 = -3*t. Let u = -4 + 9. What is the highest common factor of u and t?
5
Let i be 3/((-3)/13) - 2. Let o = i + 30. Let q = 15016 - 15011. Calculate the greatest common factor of q and o.
5
Suppose -3*m - 3*r = 62 + 31, -3*m - 4*r - 88 = 0. Let c = 20 - m. Calculate the greatest common factor of c and 7.
7
Suppose -2*n - 7*d + 12*d = -15, -5*n + 60 = -5*d. Let k = 156 - 21. What is the greatest common divisor of n and k?
15
Let o = 679 + -299. What is the greatest common divisor of 76 and o?
76
Let z be (22/33)/(4/6). Let u be (16/(-20))/(z/5). Let v be u/(-18) - (-142)/9. What is the greatest common factor of 128 and v?
16
Let a be -48*((-44)/12 - -3). Suppose -28 = 3*l + a. Let m = l + 41. What is the greatest common factor of 189 and m?
21
Let d = 16 - -5. Suppose 3*q + 9*q - 84 = 0. What is the greatest common divisor of d and q?
7
Let u = -367 + 556. Calculate the greatest common factor of u and 54.
27
Suppose 5*p - 42*m = -38*m + 176, 149 = 4*p + 5*m. Suppose -z = 3*z - 96. Calculate the greatest common factor of z and p.
12
Let i be (-82)/(-4) - (-3)/2. Suppose -4*m - 5 = -j, 3*j = -0*j + 5*m + i. Suppose 0 = -g + j + 13. Calculate the greatest common factor of g and 2.
2
Suppose -29 = -17*a + 447. What is the highest common factor of 140 and a?
28
Suppose -j - j = -5*g - 26, -g - 16 = -4*j. Suppose 36 = 3*v - 3*w - 66, -2*v - j*w + 78 = 0. Calculate the highest common divisor of v and 54.
18
Let s(x) = x**3 + 22*x**2 + 32*x - 25. Let l(w) = -w + 1. Let v(d) = -4*l(d) + s(d). Let n be v(-20). What is the greatest common factor of 459 and n?
51
Suppose -3*x - 45 = -4*p, -4*x + 0 = -4. Calculate the highest common factor of 384 and p.
12
Let z = 48 - 40. Let y be (z/(-5))/((-6)/45). What is the greatest common divisor of 8 and y?
4
Let h(p) = -4*p - 5. Let s be h(-2). Suppose -3*a = s - 6. Suppose -2*d + 5*m = -3, -4*d + 9*d - 3*m = 36. What is the greatest common divisor of d and a?
1
Let b be (-69)/((-25)/10*12/250). Calculate the highest common divisor of b and 75.
25
Let j = 23 + 13. Let r be 4/((-485)/(-160) + -3). Let f = r - 74. What is the greatest common divisor of f and j?
18
Suppose -u = 5*q + 1 - 23, 3*q - 3*u - 24 = 0. Suppose 2*k - 17 = 4*v + q*k, 0 = -5*v + k - 45. Let p = 47 + v. What is the highest common divisor of 26 and p?
13
Let j(n) = 29*n - 60. Let t be j(10). Calculate the greatest common factor of 69 and t.
23
Let o = 1529 - 322. Calculate the highest common divisor of 71 and o.
71
Let i(n) = n - 14. Suppose 0 = 2*j - 40 + 8. Let w be i(j). Calculate the greatest common factor of 2 and w.
2
Let h(y) be the first derivative of -y**3/3 - 3*y**2 + 10*y + 20. Let c be h(-6). Calculate the greatest common factor of 5 and c.
5
Let a = 1066 - 586. What is the greatest common factor of 840 and a?
120
Suppose 22*i + 363 = 25*i. Let d = i - 51. What is the greatest common divisor of d and 10?
10
Let o(y) = -103 + 46 + 51 + 10*y. Let r be o(3). Calculate the greatest common factor of 60 and r.
12
Let v be 223 + ((-36)/(-24))/((-3)/(-14)). Calculate the greatest common factor of v and 50.
10
Suppose -3*d - b + 2*b + 226 = 0, 0 = 4*d + b - 299. Suppose d = -2*z - 3*z. Let h = -11 - z. What is the highest common divisor of h and 12?
4
Let u be 20/(1/7*(-13)/(-13)). Calculate the greatest common factor of u and 160.
20
Let y = 16 - 17. Let r be -2 + 13 - (0 - 2 - y). What is the highest common divisor of 132 and r?
12
Let v = 140 + -59. Suppose v*k - 83*k + 116 = 0. Calculate the greatest common divisor of k and 87.
29
Let d be -2 + (8 - -1) - -3. Suppose d = 2*t + 2. What is the highest common factor of t and 4?
4
Let d be (360/(-70))/((-2)/49). Calculate the highest common factor of d and 36.
18
Suppose 0 = -7*j - 187 + 2077. What is the greatest common factor of 10 and j?
10
Suppose 14 = z + 3*l, 0*z + 2*z + 2*l - 16 = 0. Suppose 0 = -z*i + 18 + 22. What is the highest common divisor of i and 56?
8
Let n be ((-33)/(-1))/((-18)/(-78)). What is the highest common factor of n and 88?
11
Let o(n) = 2*n + 26. Let h be o(-11). Suppose -h*f = -2*f - 208. Calculate the greatest common factor of f and 13.
13
Let v = 369 + -204. What is the greatest common factor of 132 and v?
33
Let i = -3841 - -5976. What is the highest common divisor of 35 and i?
35
Suppose 0 = -2*m - 2, 5*s - 3*m - 286 = -2*m. Suppose 0 = -8*c + 519 + s. Calculate the greatest common divisor of 9 and c.
9
Let c(b) = b**3 - 22*b**2 - 18*b - 38. Let v be c(23). Calculate the highest common factor of 44 and v.
11
Let g(s) = 3*s + 578. Let v be g(0). Calculate the greatest common factor of 17 and v.
17
Let v(p) = 3*p - 32. Let n be v(14). Let d be n/(7 + -5) + 91. What is the highest common divisor of 12 and d?
12
Let m be (-2)/(-5) + (-190)/(-25). What is the highest common divisor of m and 3048?
8
Let i = 30 + -2. Let t(a) be the first derivative of a**4/4 - 3*a**3 + 17*a**2/2 - 7*a + 7. Let w be t(7). Calculate the greatest common divisor of i and w.
14
Suppose z + 17 = v - 18, -2*v - 3*z = -55. Suppose 2*c - 17 = -g + v, 3*c + 284 = 5*g. Calculate the greatest common factor of 22 and g.
11
Let y(r) = 3*r + r - 4*r - r - 5. Let l be y(-10). Suppose c + 4*k = 4*c - 48, 2*c - 25 = 5*k. What is the greatest common factor of l and c?
5
Suppose 2*a - 3*d + 7*d - 42 = 0, 2*a = -d + 45. Calculate the highest common divisor of a and 23.
23
Suppose 6*l - 5 = 5*l. Suppose -l*y = -57 + 2. Calculate the highest common divisor of 11 and y.
11
Suppose 5*p + 387 + 649 = t, -t + 1 = 0. Let m = -81 - p. Calculate the greatest common divisor of 14 and m.
14
Let l(n) = 7*n**2 + 4*n + 1. Let h be l(3). Suppose 4*m = 2*m - h. Let a = 101 + m. Calculate the highest common divisor of a and 21.
21
Suppose -32 + 8 = -a. Suppose 10*n - 843 = 35 + 1282. What is the greatest common factor of a and n?
24
Let o be (12/(-10))/(2/(-5)). Suppose 4*g = -o*v + 73, 48 = -4*v + 3*g + 162. Let k be 16/(-4)*(-2 - 3/12). What is the greatest common divisor of v and k?
9
Let m(r) = r**3 + 4*r**2 - 6*r + 3. Let j be m(-5). Let q(n) = 10*n - 9*n + 6*n. Let f be q(8). Calculate the greatest common factor of j and f.
8
Let l be 4/(-18) + (-868)/(-18) + 0. Calculate the highest common factor of 8 and l.
8
Let g(x) be the third derivative of x**6/120 + 3*x**5/10 + 2*x**4/3 + 5*x**3/6 - 40*x**2. Let w be g(-17). What is the greatest common divisor of w and 176?
22
Suppose 3*h - 5*h = 2*g - 60, -4*h + 2*g = -108. What is the greatest common factor of h and 224?
28
Suppose -846 = 175*m - 177*m. Calculate the highest common divisor of m and 47.
47
Let c be ((-3)/5)/(4/(-20)). Suppose -82 = -c*h + 53. Calculate the highest common factor of 30 and h.
15
Suppose 2*l = -17*l + 380. Calculate the highest common divisor of l and 2420.
20
Let k = -123 - -219. Suppose -2*n - k = -3*n + 3*g, 3*n + 2*g = 299. What is the greatest common factor of 33 and n?
33
Let a be (4/10)/(((-15)/(-3))/125). Let y be (-28)/70 - (-34)/a. Calculate the greatest common divisor of 21 and y.
3
Let f = 3 - 1. Suppose -f*n + 40 = 3*n - 3*v, -5*n = v - 40. Let h(c) = c**2 - 4*c - 5. Let o be h(9). What is the greatest common divisor of o and n?
8
Let h(x) = 38*x**2 - 2*x + 4. Let j be h(1). What is the highest common divisor of 440 and j?
40
Suppose -10 = -d - 4*d. Suppose -3*p + 2*k + 2*k = -17, 3*p - 13 = d*k. Let t be 663/6 - p/6. Calculate the greatest common divisor of t and 10.
10
Let r = 4 + -7. Let s be (r - -2)*-1*2. Suppose -7 - 11 = -s*z. Calculate the greatest common divisor of 9 and z.
9
Let l 